t k(l) = -2*l**3 + 2*l**2 + l. Let d be k(-1). What is p(d)?
-1
Suppose 4*h - 101 = 139. Suppose -v + 10 = 5*n, -4*v + 12 - h = -2*n. Let w(c) = -c + 1. Determine w(v).
11
Suppose 0 = 5*t - 0*t - 20. Suppose 0*o = 2*u + 5*o - 1, -u - 4*o = t. Let i(x) = -20*x**2 - x + 8*x**2 + u*x**2 - x**3. What is i(-3)?
-6
Let a = -14 + 4. Let p = a + 5. Let n(z) be the third derivative of -z**6/120 - z**5/12 - z**4/12 - z**3/6 + 7620*z**2. Determine n(p).
9
Suppose 12 = 3*f - 3*m, -5*m - 4 - 16 = -f. Suppose 0 = j - f - 3. Let o(b) be the first derivative of -b**4/4 + b**3/3 + 2*b**2 - b - 8. What is o(j)?
-7
Let r(n) be the third derivative of n**5/60 + n**4/24 - n**3/6 - 71*n**2. Give r(-3).
5
Let w be (-6)/39 - 2/(-13). Suppose w = 29*g - 32*g + 18. Let q(o) = -o**3 + 6*o**2 + o - 1. What is q(g)?
5
Let a(g) = g - 2. Let o be -2 - (1 + 1 + -1). Let t(p) = p**3 + 2*p**2 - p + 2. Let s be t(o). Let n = 12 + s. Give a(n).
6
Let v be 16/4*10/4. Let c = 12 - v. Let a(g) = 2*g - 14 - c*g**2 - 4*g + 14. What is a(2)?
-12
Let j(q) = -12*q**2 - 4*q - 8. Let r(p) = 2*p**2 - p. Let c(k) = -j(k) - 7*r(k). What is c(9)?
-55
Let a(l) = l + 2. Let x(s) = 2*s + 2. Let b(v) = 3*a(v) - 2*x(v). Let t(y) = 2*y**3 - y - 1. Let o be t(1). Calculate b(o).
2
Let a(p) be the first derivative of p**4/12 + 4*p**3/3 + 3*p**2/2 - 20*p - 9. Let t(r) be the first derivative of a(r). Give t(-7).
-4
Let y(k) = -k - 3. Let f be 82/(-26) - -3 - 486/(-117). Calculate y(f).
-7
Suppose 4*h + 3 = -4*k - 17, 5*h = -3*k - 23. Let f(g) = g**3 + 3*g**2 - 2*g + 4. Calculate f(h).
-4
Let g(r) = -22*r. Suppose 0 = 40*m - 70*m - 30. Calculate g(m).
22
Let v(d) be the second derivative of -d**4/6 + d**3/6 - 35*d. Let b be v(0). Let o(r) = r**2 + 11. Determine o(b).
11
Let a(q) = q**2 + 4*q + 3. Let c be a(-4). Let x(d) = -3*d. Let z = -7 - 0. Let r(j) = -5*j - 1. Let n(b) = z*x(b) + 4*r(b). Determine n(c).
-1
Let u(y) = y**3 - 10*y**2 + 15*y + 7. Let o be u(8). Let l(x) = -x**2 - x. Let n(w) = -9*w**3 - 3*w**2 - 3*w - 1. Let r(z) = o*n(z) + 3*l(z). Calculate r(-1).
-8
Let o(q) = -q**3 + q**2 + 2*q + 2. Suppose -261 = -s - 258. Calculate o(s).
-10
Let g(a) = 2*a**2 + 44*a + 6. Let c be g(-22). Let p(i) = -i**3 + 7*i**2 - 6*i + 1. Give p(c).
1
Let i(q) = 2*q**2 - 2. Let l(b) = -3*b**2 + 7*b - 8. Let p(c) = i(c) + l(c). Give p(6).
-4
Let d(f) = 3*f**2 + 3*f - 13. Let t be d(2). Let z(s) = -2*s + 9. Determine z(t).
-1
Suppose -10*o - 66 = -7*o. Let l be 6/66*-2 - (-106)/o. Let w(b) = b**3 + 4*b**2 - 6*b + 1. Determine w(l).
6
Suppose 45 = 5*m - 0*m. Let p(h) = 6*h - 3*h**2 - m + 2 - 12*h + 4*h**2. Calculate p(5).
-12
Let n(a) = 2*a**2 - 2*a - 4. Let g(o) = -o**2 + o + 2. Let p = 12 - 5. Let k(j) = p*g(j) + 4*n(j). Determine k(3).
4
Let j(k) be the third derivative of -k**5/30 + k**4/24 + k**3/2 + 3*k**2 + 2. What is j(3)?
-12
Let h(i) = i**2 + 6*i + 8. Let o be h(-5). Let j(y) = 2 + 1 + 2*y**2 + o*y + y**3 + 0*y**2 + 3*y**2. Calculate j(-4).
7
Let r(c) = -c**3 + 7*c**2 - 5*c - 3. Let l be ((-10)/40)/((-3)/516). Let u = l - 37. Give r(u).
3
Suppose 0 = 3*w + 12, 3*m + 24 + 15 = -3*w. Let q(g) = g**3 + 9*g**2 + g + 8. Determine q(m).
-1
Let y(k) = -k + 15. Let p(w) = -6*w + 88. Let u(m) = -3*m + 44. Let o(t) = 4*p(t) - 7*u(t). Let x(l) = -4*o(l) + 11*y(l). Calculate x(8).
-3
Let t = 109 - 111. Let i(f) = 6*f + 7. Determine i(t).
-5
Let i(w) = w - 1. Let k = 268 - 270. Let z(h) be the third derivative of h**4/8 + h**3/6 - h**2. Let d(g) = k*i(g) + z(g). What is d(-5)?
-2
Let d be (-7)/(-5) + ((-9)/(-15) - 1). Let s(o) = 5*o - 2. Let y be s(2). Let a(i) = -6 + 6 + y*i. Determine a(d).
8
Let m(y) = -2*y - 1. Suppose 0 = -4*k - x + 13, k - 6*k + 3*x = -12. Let q be (-70)/105 - 19/k. Calculate m(q).
13
Let c(w) = -12*w - 131. Let n be c(-11). Let d(v) be the first derivative of 2*v**3 - v**2/2 - 2. Determine d(n).
5
Let z(c) = -c**3 - 6*c**2 - 4*c + 17. Let s(d) = d**2 + d - 2. Let u(v) = 5*s(v) + z(v). Let h be 0*(1 + 1 + -1). Suppose 3*f - 4*f = h. Give u(f).
7
Let q(n) be the second derivative of n**5/60 - n**4/4 - 5*n**3/6 - 2*n**2 + 8*n. Let k(f) be the first derivative of q(f). What is k(5)?
-10
Let j(f) = 5*f**3 - f**3 + 2*f - 3*f**2 - 3*f**3. Suppose -80 = -54*l + 14*l. Determine j(l).
0
Let q = 34 + -33. Let t(g) = -10*g + 2. Give t(q).
-8
Let x(u) be the second derivative of u**5/20 + u**4/3 + 5*u**3/6 + 3*u**2/2 - 44*u. Give x(-3).
-3
Let u(c) be the first derivative of 3*c**2/2 - 6*c + 28. What is u(6)?
12
Let j(k) = -90*k + 6 + 32*k + 27*k + k**3 - 4*k**2 + 25*k. Give j(5).
1
Let r(k) be the third derivative of -7/3*k**3 - 33*k**2 - 1/24*k**4 + 0 + 0*k. Give r(-6).
-8
Let m(h) = -3*h + 7*h**3 - 1 - 5*h - 11. Let w(u) = -u**3 + u**2 + 1. Let a(q) = m(q) + 6*w(q). Suppose -4*o + 151 - 179 = 0. Calculate a(o).
1
Let j be 57/2 + -1 + (-3)/2. Let q = j + -22. Let r(a) = -2*a + 3. Determine r(q).
-5
Let b(d) be the third derivative of d**4/12 - 23*d**3/6 - 575*d**2. What is b(9)?
-5
Let y(j) = 54 - 4 - j - 57 + j**2. Suppose -5 = -4*q + 3*q. Calculate y(q).
13
Suppose -5*d - 3*j = 14, 5*d + 28 = -5*j + 8. Let w be (-1)/(-1*d/(-3)). Let o(l) = 2*l + w - 4 - 3. Calculate o(4).
4
Let z(t) = -9*t**3 + 5*t**2 - 11*t - 13. Let g(k) = -2*k**3 - k - 1. Let i(h) = -5*g(h) + z(h). What is i(-5)?
22
Suppose 3*h - 4*x - 22 = 0, -4*x = 5*h - 2*h - 14. Let c(n) = -5*n**2 + 38*n + 2. Let g(w) = 9*w**2 - 68*w - 3. Let o(r) = 7*c(r) + 4*g(r). Give o(h).
2
Let r be ((-4)/6)/((-2)/(-3)). Let z be (-4 - -3)/(r/(-3)). Let f(h) = -11*h**2 - h - 22. Let g(x) = -4*x**2 - 8. Let q(a) = -3*f(a) + 8*g(a). Give q(z).
2
Let t(f) be the first derivative of -4 - 2*f - 1/3*f**3 - 7/2*f**2. Determine t(-6).
4
Let p = -84 + 111. Suppose 9*y + 0 = p. Let a(m) be the first derivative of -2*m**2 - m + 1. Give a(y).
-13
Let a(y) = 3*y**2 - 8*y - 5. Let c = -6 - -9. Determine a(c).
-2
Let i(n) = 30*n + 1. Let j be (-6)/(-18)*(-9 - -6). What is i(j)?
-29
Let q(h) be the third derivative of -h**4/24 + h**3/2 + h**2. Let n = 145 + -148. Let i be 0/n + (-4 - -7). Give q(i).
0
Let z(g) = -5*g**2 - 395*g**3 - 395*g**3 - 9*g + 791*g**3 + 7. Give z(6).
-11
Suppose -9 = -6*g + 9*g. Let a be (-9 + 6)/(g/4). Let c(f) = f**3 - 3*f**2 - 5*f + 5. Let n be c(a). Let d(q) = 4*q - 1. What is d(n)?
3
Let x(g) = -75*g - 6 - 74*g + 1 + 150*g. Let q(k) = -k**3 - 2*k**2 - 2*k. Let h be q(-2). What is x(h)?
-1
Let n be 1 - (-2 + (-9 - 1)). Suppose 6*u - n = -1. Let g(j) = -7*j**3 - 5*j + 6. Let s(t) = -t**3 - t + 1. Let o(c) = g(c) - 6*s(c). Calculate o(u).
-6
Suppose 4*n + 34 = 5*y, -4*y + 4*n + 22 + 6 = 0. Let d(a) = -7*a + 3. What is d(y)?
-39
Let k = -43 + 49. Let w be ((-16)/(-12))/((-4)/k). Let g(u) = -3*u - 3. What is g(w)?
3
Let u(r) = -r**3 + 3*r**2 - 2*r. Let f be u(3). Let y(i) = 5*i**2 + i + 5. Let g(a) = 0 + 3 + 4*a + 12 + 14*a**2. Let x(p) = -4*g(p) + 11*y(p). Calculate x(f).
-11
Let g(v) = -88*v - 8. Let t(y) = 7*y + 1. Let n(j) = 2*g(j) + 18*t(j). Give n(-1).
52
Suppose -5*d = 20, 3*s + 4 = -3*d + 1. Let a(w) = 3*w + 4. Calculate a(s).
13
Let b(w) = -w**3 + w**2 - w + 13. Let o = -243 + 243. What is b(o)?
13
Suppose 5*g = 15, -2*g + 1 = -3*n + 7. Let h(i) = 2*i - 12. What is h(n)?
-4
Let p(u) = 3*u**2 - 47*u + 38. Let q(w) = -w**2 + 17*w - 13. Let h(y) = -6*p(y) - 17*q(y). Let c(g) = g. Let d be c(-7). Calculate h(d).
-7
Let d(m) = -m**3 - 2*m + 1. Let g be d(-2). Suppose g = 7*b - 1. Let l(w) = 4*w**3 - 3*w**3 - 8*w - 4*w**2 - 3*w**2 - 3 + 2*w**b. Calculate l(6).
-15
Let q(o) = 4*o**3 - 8*o**2 + 7*o + 4. Let m(w) = -5*w**3 + 9*w**2 - 8*w - 4. Let b(i) = 5*m(i) + 6*q(i). Give b(-3).
-2
Let r(k) = -3*k. Suppose -8 = 5*y - 18. Give r(y).
-6
Let o(j) = 46*j - 39*j - 13*j - 3 - 1. Calculate o(-4).
20
Let h(b) be the third derivative of -b**6/360 + b**5/120 + b**4/24 + 11*b**3/3 - 27*b**2. Let d(q) be the first derivative of h(q). Give d(-2).
-5
Suppose o + 2*z - 8 = z, -4*z = -12. Suppose -4*p + 5*p = 3*s + 11, -5*s - 23 = -4*p. Let d(t) = 4*t**2 - t**3 + 2*t - p*t + 5*t - 2 + 0. What is d(o)?
-2
Let y = -205 - -208. Let w(f) be the third derivative of -1/12*f**5 + 0 + 1/6*f**y - 3*f**2 + 0*f + 1/12*f**4. Calculate w(-1).
-6
Let n(j) = -j - 1. Let r be ((-14)/(-6) + -2)/(15/90). Let a = -7 - -11. Suppose -s + 7 = -r*o - o, -14 = s + a*o. What is n(